3932*f + 19659. Give q(5).
24
Let k(g) = 11*g**3 + 2*g**2 + 196*g + 195. Give k(-1).
-10
Let j(w) = 10*w + 69. Calculate j(3).
99
Let g(t) = -383*t - 387. Give g(-1).
-4
Let i(r) = r**2 - r - 4. Calculate i(16).
236
Let l(m) = 47*m + 255. Calculate l(-6).
-27
Let l(j) = 2*j**3 + 51*j**2 - 79*j + 58. Determine l(-27).
4
Let j(p) = 133*p - 9330. Give j(70).
-20
Let r(o) = 27*o**2 - 62*o - 62. What is r(3)?
-5
Let h(z) = -z**3 - 88*z**2 + 571*z - 44. Give h(6).
-2
Let g(b) = -30*b**3 - 151*b**2 + 6*b - 6. Determine g(-5).
-61
Let g(d) = d**2 + 3*d - 30. What is g(-7)?
-2
Let w(u) = -2*u**3 + 543*u**2 - 6474*u - 282. Give w(259).
-23
Let h(k) = -k**2 - 43*k - 38. Calculate h(-43).
-38
Let f(u) = u**2 + 247*u - 3373. Determine f(13).
7
Let r(g) = -2*g**3 - 4*g**2 - 9*g - 91. What is r(-5)?
104
Let g(v) = -24*v. Give g(1).
-24
Let j(w) = 35*w - 340. What is j(9)?
-25
Let r(s) = -72*s**2 - 218*s + 1. Determine r(-3).
7
Let w(v) = -24*v**2 - 61*v - 24. Calculate w(0).
-24
Let v(q) = q**3 + 7*q**2 - 23*q + 15. What is v(-10)?
-55
Let v(d) = -d**3 - 16*d**2 - 111*d - 1448. Calculate v(-15).
-8
Let j(u) = -16*u**3 - 142*u**2 + 17*u + 13. Determine j(-9).
22
Let l(d) = d**3 + 106*d**2 - 333*d - 641. Give l(-109).
13
Let g(f) = -f**3 + 229*f**2 - 475*f + 4773. Calculate g(227).
6
Let o(d) = 994*d**2 + 2980*d - 11. Give o(-3).
-5
Let y(v) = v**3 - 17*v**2 - 38*v + 13. Determine y(-3).
-53
Let h(j) = -j**2 - 42*j - 188. What is h(-9)?
109
Let x(r) = -730*r - 2189. Give x(-3).
1
Let o(s) = -s**3 - 24*s**2 - 43*s - 48. What is o(-22)?
-70
Let n(f) = f**3 - 54*f**2 + 651*f - 804. What is n(37)?
10
Let o(d) = 99*d - 590. What is o(6)?
4
Let g(z) = -5*z + 123. Determine g(29).
-22
Let v(n) = -2*n - 12. Determine v(-4).
-4
Let k(a) = -20*a**3 - 11*a**2 - 4*a + 6. Give k(-1).
19
Let q(d) = 602*d + 62613. Give q(-104).
5
Let a(k) = -5*k**2 - 9*k + 1. Calculate a(-4).
-43
Let c(s) = 387*s - 2715. Give c(7).
-6
Let p(a) = a**2 - 9*a - 183. Calculate p(-15).
177
Let m(j) = j**3 - 2*j**2 - 740*j - 2858. Determine m(-4).
6
Let o(l) = 3*l**2 + l - 99. Give o(5).
-19
Let t(o) = 3*o**2 - 8*o - 1. Determine t(3).
2
Let f(n) = -3*n**3 + 15*n**2 - 27. Give f(5).
-27
Let p(s) = s**2 - 24*s - 814. Give p(-19).
3
Let b(z) = z**3 - 112*z**2 + 937*z - 90. Give b(9).
0
Let y(x) = x**3 - 94*x**2 + 98*x - 523. Determine y(93).
-58
Let y(h) = -h**3 + 142*h**2 - 549*h - 401. Calculate y(138).
13
Let d(p) = -p**3 + 14*p**2 - 12*p - 165. Determine d(5).
0
Let t(u) = -48*u + 2495. What is t(52)?
-1
Let f(i) = 4*i**2 + 56*i + 17. What is f(-11)?
-115
Let q(l) = l**3 - 12*l**2 - 583*l + 5489. Determine q(9).
-1
Let u(o) = 2*o**2 - 108*o - 366. Calculate u(57).
-24
Let u(i) = -i**3 - i**2 + 17*i + 228. Determine u(0).
228
Let b(v) = 2*v**3 - 26*v**2 + 14*v + 212. What is b(12)?
92
Let f(b) = 112*b - 371. Determine f(5).
189
Let d(n) = 21*n - 818. Calculate d(36).
-62
Let n(r) = 276*r - 281. What is n(1)?
-5
Let y(k) = -k**2 + 24*k - 211. Calculate y(18).
-103
Let h(a) = 2*a**2 - a + 9. What is h(3)?
24
Let r(i) = -675*i - 6074. Calculate r(-9).
1
Let g(c) = -c**2 - 58*c + 649. Calculate g(-63).
334
Let f(k) = 25*k - 145. What is f(6)?
5
Let r(o) = -o**3 - o**2 + 8*o + 24. What is r(-5)?
84
Let x(v) = 3289*v - 85519. Give x(26).
-5
Let f(y) = 29*y - 333. What is f(13)?
44
Let b(f) = 316*f + 693. What is b(-2)?
61
Let r(x) = -6*x**2 + 51*x - 5. Give r(5).
100
Let u(v) = -13*v - 1555. Give u(-108).
-151
Let y(j) = -9*j**2 - 157*j + 76. What is y(-18)?
-14
Let v(w) = -2*w + 61. What is v(-24)?
109
Let i(d) = 131*d + 597. Calculate i(-7).
-320
Let u(z) = 12*z**3 + 2*z**2 + 2*z - 23. What is u(0)?
-23
Let u(n) = 5*n**2 + 154*n. Determine u(-31).
31
Let c(h) = -h**3 + 17*h**2 + 6*h - 11. Calculate c(17).
91
Let y(d) = -192*d**2 + 103*d - 2. Give y(1).
-91
Let c(a) = a**3 - 51*a**2 - 101*a - 283. Give c(53).
-18
Let f(p) = 2*p + 69. Give f(-20).
29
Let n(a) = -2*a**2 - 53*a - 184. Calculate n(-5).
31
Let m(d) = 1238*d + 7450. What is m(-6)?
22
Let p(y) = y**3 - 10*y**2 + 9*y - 7. What is p(8)?
-63
Let y(l) = -l**3 - 8*l**2 - 7*l + 11. What is y(-7)?
11
Let t(q) = -q**2 - 37*q - 12. Give t(-38).
-50
Let h(o) = o**3 + 13*o**2 + 5*o - 61. What is h(-12)?
23
Let k(c) = c**3 + 12*c**2 + 38*c - 6. What is k(-6)?
-18
Let n(r) = 43*r + 230. What is n(-3)?
101
Let k(w) = -w**3 - 106*w**2 - 980*w + 23. Determine k(-10).
223
Let w(u) = 4*u**3 - 219*u**2 - 52*u - 161. What is w(55)?
4
Let l(x) = -31*x - 591. Determine l(-19).
-2
Let t(n) = -4*n**2 - 283*n - 1368. Give t(-5).
-53
Let w(d) = -d**3 - 191*d**2 - 194*d - 772. Give w(-190).
-12
Let a(x) = -42*x**2 - 666*x + 25. What is a(-16)?
-71
Let n(c) = -22*c**3 + 4*c**2 - 2*c - 5. What is n(-1)?
23
Let z(d) = -d**3 - 3*d**2 - 20*d - 98. Give z(-4).
-2
Let w(s) = 1057*s + 2111. Give w(-2).
-3
Let l(b) = -b**3 - 73*b**2 - 510*b + 63. What is l(-8)?
-17
Let f(l) = -2*l**2 + 215*l - 1902. Determine f(98).
-40
Let i(r) = 7*r**3 - 119*r**2 + 18. Calculate i(17).
18
Let n(u) = -657*u + 7216. What is n(11)?
-11
Let i(w) = w**2 - 17*w - 226. Calculate i(-9).
8
Let o(m) = 19*m**2 - 251*m + 54. What is o(13)?
2
Let w(n) = -2*n**2 - 48*n - 289. Determine w(-14).
-9
Let q(c) = c - 45. Calculate q(-7).
-52
Let a(g) = -665*g + 77138. Calculate a(116).
-2
Let l(a) = -2*a**3 - 47*a**2 - 52*a + 20. What is l(-22)?
-288
Let m(c) = -29*c**2 - 4*c - 5. Determine m(-2).
-113
Let q(l) = -227*l + 454. Determine q(2).
0
Let c(r) = r**2 - 47*r + 104. What is c(44)?
-28
Let v(b) = -11*b**2 - 4*b - 5. What is v(-6)?
-377
Let r(g) = g**3 - 23*g**2 - 78*g + 10. Determine r(26).
10
Let c(s) = -21*s**2 + 611*s - 52. Determine c(29).
6
Let k(i) = -i**3 + 12*i**2 - 27*i - 7. Determine k(8).
33
Let y(t) = t**3 - 13*t**2 + 22*t + 362. Calculate y(-4).
2
Let s(w) = -5*w**2 + 2216*w - 2215. Give s(1).
-4
Let i(f) = 156*f**2 + 1257*f + 81. What is i(-8)?
9
Let c(v) = -252*v - 2379. Calculate c(-9).
-111
Let p(q) = -q**3 - 53*q**2 - 278*q - 63. Give p(-47).
-251
Let x(g) = -g**3 + 6*g**2 - 4*g + 1. What is x(6)?
-23
Let s(v) = 2414*v + 16879. Determine s(-7).
-19
Let s(a) = 2*a**3 + 34*a**2 - 6*a - 99. Calculate s(-17).
3
Let r(x) = 10413*x + 83301. What is r(-8)?
-3
Let l(b) = 3*b**2 + 38*b - 333. Give l(6).
3
Let y(x) = -x**3 + 6*x**2 + 11*x - 32. Calculate y(7).
-4
Let f(u) = 49*u**2 - 55*u + 140. Give f(3).
416
Let h(g) = -2*g**3 + 25*g**2 + 44*g - 715. What is h(12)?
-43
Let d(x) = -x**3 + 37*x**2 + 76*x + 42. Calculate d(39).
-36
Let q(r) = 10*r**2 - 71*r - 25. Give q(7).
-32
Let q(t) = -t**3 + 4*t**2 + 2*t + 5. Calculate q(6).
-55
Let v(n) = 2*n**2 + 128*n - 844. What is v(-70)?
-4
Let n(r) = -44709*r - 178828. Give n(-4).
8
Let k(r) = 110*r - 1197. Give k(10).
-97
Let k(x) = 2*x + 9. Give k(32).
73
Let j(c) = c**2 + 10*c - 193. What is j(-21)?
38
Let v(o) = 103*o - 139. Determine v(4).
273
Let n(f) = f**3 + 5*f**2 - 14*f + 19. Determine n(-9).
-179
Let y(x) = 2*x**3 + 26*x**2 + 75*x - 12. Give y(-9).
-39
Let z(v) = 3*v**3 + 320*v**2 - 761*v + 234. Calculate z(-109).
16
Let n(a) = -17*a - 235. Calculate n(-14).
3
Let p(z) = -33868*z + 67743. What is p(2)?
7
Let v(k) = 2311*k - 27729. Give v(12).
3
Let s(q) = q**2 + 14*q + 40. What is s(-7)?
-9
Let x(a) = -a**3 - 42*a**2 + 6*a + 372. What is x(-42)?
120
Let v(k) = -3*k**2 - 7*k - 38. What is v(0)?
-38
Let g(x) = -146*x + 1348. Give g(6).
472
Let f(p) = -p**2 + 78*p - 1273. Determine f(55).
-8
Let g(s) = -s**3 - 5*s**2 + 131*s + 130. What is g(-14)?
60
Let f(o) = -2*o**2 - 7*o - 80. Calculate f(-10).
-210
Let n(l) = 70*l**2 - 130*l - 18. Determine n(2).
2
Let p(o) = -25*o**2 - 3403*o - 418. Determine p(-136).
-10
Let i(s) = -10*s**2 - 188*s - 15. Determine i(-19).
-53
Let p(m) = -m**3 + 55*m**2 - 211*m + 348. Calculate p(51).
-9
Let a(b) = -b**2 + 38*b - 207. Calculate a(27).
90
Let y(p) = -1836*p - 56910. Determine y(-31).
6
Let q(z) = 43*z**2 + 598*z - 78. Calculate q(-14).
-22
Let o(j) = j**3 + 8*j**2 + 3*j + 206. Give o(0).
206
Let i(b) = -317*b - 101. What is i(-1)?
216
Let y(b) = -2*b**2 - 7*b + 136. Give y(7).
-11
Let q(v) = v**3 + 5*v**2 + 4*v - 5. Calculate q(-5).
-25
Let x(p) = p**2 - 102*p + 381. What is x(4)?
-11
Let p(z) = 4932*z + 69026. Determine p(-14).
-22
Let h(f) = f**3 - 16*f**2 - 125*f + 14. Calculate h(-6).
-28
Let o(x)